oes 7 divide 570422?
False
Is 223779 a multiple of 9?
False
Is 1245152 a multiple of 474?
False
Does 152 divide 5875958?
False
Does 39 divide 278694?
True
Is 124850 a multiple of 55?
True
Is 39 a factor of 167564?
False
Does 21 divide 406456?
False
Is 504 a factor of 154437?
False
Does 11 divide 102212?
True
Is 353348 a multiple of 4?
True
Is 82580 a multiple of 34?
False
Does 1514 divide 1444356?
True
Is 944828 a multiple of 52?
False
Does 18 divide 2945844?
True
Is 200 a factor of 9292?
False
Is 16 a factor of 182874?
False
Does 15 divide 366540?
True
Is 50 a factor of 99044?
False
Does 77 divide 378147?
True
Does 18 divide 245517?
False
Is 1002410 a multiple of 10?
True
Is 35724 a multiple of 13?
True
Is 10158300 a multiple of 112?
False
Does 14 divide 4311608?
True
Is 32873 even?
False
Is 14264 a multiple of 8?
True
Does 49 divide 97363?
True
Is 313288 a multiple of 38?
False
Does 234 divide 412437?
False
Does 15 divide 302955?
True
Is 143 a factor of 10639905?
False
Does 633 divide 2296244?
False
Does 2327 divide 15602535?
True
Is 42 a factor of 1204837?
False
Is 6 a factor of 658866?
True
Is 13 a factor of 94146?
True
Is 11682693 a multiple of 12?
False
Is 13 a factor of 292421?
False
Is 94405 a multiple of 43?
False
Does 5 divide 14499173?
False
Does 34 divide 23630?
True
Does 43 divide 1560295?
False
Does 96 divide 3412010?
False
Is 440024 a multiple of 26?
True
Is 48 a factor of 657522?
False
Is 341664 a multiple of 14?
False
Is 1430624 a multiple of 608?
True
Does 45 divide 3119355?
True
Is 56496 a multiple of 88?
True
Does 11 divide 413853?
True
Is 176 a factor of 155408?
True
Does 191 divide 24830?
True
Is 15 a factor of 26640?
True
Is 342918 a multiple of 14?
False
Does 26 divide 1454024?
True
Does 8 divide 4007225?
False
Does 656 divide 1595392?
True
Is 1771360 a multiple of 117?
False
Is 80 a factor of 127416?
False
Does 16 divide 4972944?
True
Is 51 a factor of 1350225?
True
Is 3278491 a multiple of 670?
False
Is 1289188 a multiple of 19?
True
Does 99 divide 2105928?
True
Is 128 a factor of 1344123?
False
Is 32925 a multiple of 15?
True
Is 5541 a multiple of 3?
True
Is 7 a factor of 5016170?
False
Is 9 a factor of 9999?
True
Does 40 divide 2227133?
False
Is 141 a factor of 520713?
True
Does 289 divide 7929209?
False
Is 2 a factor of 24744?
True
Does 54 divide 58320?
True
Is 45789 a multiple of 60?
False
Is 4 a factor of 9534?
False
Does 135 divide 11665582?
False
Does 19 divide 10586012?
False
Is 8 a factor of 79490?
False
Is 146052 a multiple of 36?
True
Is 1322112 a multiple of 96?
True
Does 693 divide 16782381?
True
Does 88 divide 144063?
False
Does 27 divide 4842416?
False
Is 769650 a multiple of 42?
True
Does 46 divide 1940593?
False
Does 32 divide 563872?
True
Does 126 divide 1664334?
True
Is 15 a factor of 920019?
False
Does 46 divide 17503230?
True
Is 86 a factor of 16261830?
False
Does 6 divide 347811?
False
Does 587 divide 523800?
False
Is 3 a factor of 53128?
False
Is 456498 a multiple of 34?
False
Does 23 divide 171074?
True
Is 888898 a multiple of 1179?
False
Is 24 a factor of 325895?
False
Is 170828 a multiple of 22?
False
Does 12 divide 1602672?
True
Does 17 divide 222083?
False
Is 2151578 a multiple of 586?
False
Does 256 divide 4955136?
True
Is 128 a factor of 951680?
True
Is 14 a factor of 98688?
False
Is 13 a factor of 86750?
False
Does 87 divide 103965?
True
Does 418 divide 4384402?
True
Is 6 a factor of 92027?
False
Does 90 divide 504000?
True
Is 317082 a multiple of 291?
False
Is 7746 a multiple of 2?
True
Is 100 a factor of 20100?
True
Is 8 a factor of 3570127?
False
Is 27 a factor of 193578?
False
Is 184720 a multiple of 5?
True
Is 217834 a multiple of 15?
False
Does 130 divide 1720395?
False
Does 5 divide 98200?
True
Is 469983 a multiple of 41?
True
Is 200 a factor of 341000?
True
Is 221782 a multiple of 11?
True
Is 1965 a factor of 29649137?
False
Does 16 divide 13537264?
True
Is 2136042 a multiple of 49?
False
Is 12734007 a multiple of 1437?
False
Does 31 divide 60512?
True
Does 33 divide 514819?
False
Is 165820 a multiple of 20?
True
Is 10 a factor of 19314?
False
Does 1830 divide 9480433?
False
Is 207368 a multiple of 7?
True
Is 60404 a multiple of 3?
False
Does 47 divide 110889?
False
Is 14 a factor of 65426?
False
Does 9 divide 121462?
False
Does 198 divide 452628?
True
Is 2817029 a multiple of 106?
False
Is 337 a factor of 1221962?
True
Is 6 a factor of 30015?
False
Does 125 divide 4337178?
False
Is 309 a factor of 3510130?
False
Is 1590174 a multiple of 3?
True
Is 42572361 a multiple of 23?
False
Is 24 a factor of 22419?
False
Is 858 a factor of 4235946?
True
Is 342 a factor of 212281?
False
Is 359 a factor of 158783?
False
Does 161 divide 640510?
False
Does 19 divide 6593?
True
Is 197 a factor of 92137?
False
Does 175 divide 11841537?
False
Is 785 a factor of 1193985?
True
Is 4070670 a multiple of 47?
True
Is 653 a factor of 5523441?
False
Is 1140 a factor of 10051380?
True
Is 5943236 a multiple of 13?
True
Is 12 a factor of 8923068?
True
Is 148696 a multiple of 8?
True
Is 201476 a multiple of 241?
True
Is 1731574 a multiple of 109?
True
Is 3 a factor of 304791?
True
Is 251204 a multiple of 118?
False
Is 5 a factor of 284005?
True
Is 44 a factor of 75783?
False
Is 199 a factor of 26666?
True
Does 27 divide 3130040?
False
Is 763 a factor of 947646?
True
Is 1453937 a multiple of 19?
True
Is 11120628 a multiple of 628?
False
Is 460 a factor of 265420?
True
Does 7 divide 46089?
False
Is 7193688 a multiple of 38?
False
Is 38232 a multiple of 6?
True
Is 1846167 a multiple of 14?
False
Is 1162742 a multiple of 61?
False
Is 987711 a multiple of 29?
True
Does 12 divide 1259971?
False
Does 377 divide 322540?
False
Is 493375 a multiple of 40?
False
Is 772 a factor of 16674283?
False
Is 8 a factor of 39440?
True
Is 171 a factor of 488978?
False
Is 12603732 a multiple of 51?
True
Is 276 a factor of 261980?
False
Is 142 a factor of 3787537?
False
Does 72 divide 73530?
False
Is 90 a factor of 22921?
False
Is 9129626 a multiple of 417?
False
Does 37 divide 52232?
False
Does 38 divide 827173?
False
Does 24 divide 5311417?
False
Does 904 divide 1186048?
True
Is 3 a factor of 117201?
True
Is 7491 a multiple of 64?
False
Is 42 a factor of 62753?
False
Is 2282 a factor of 11453358?
True
Is 72 a factor of 949905?
False
Is 5 a factor of 30092?
False
Does 1107 divide 105461?
False
Does 26 divide 19630?
True
Does 196 divide 347704?
True
Is 9 a factor of 184239?
True
Does 10 divide 1002590?
True
Is 39 a factor of 4740616?
False
Does 39 divide 878358?
True
Does 40 divide 137363?
False
Does 222 divide 143856?
True
Does 2 divide 11096?
True
Is 1206 a multiple of 9?
True
Does 274 divide 848578?
True
Does 353 divide 182265?
False
Does 886 divide 1186812?
False
Is 21 a factor of 423822?
True
Does 103 divide 7205887?
False
Is 1379643 a multiple of 10?
False
Is 235649 a multiple of 51?
False
Is 347357 a multiple of 7?
False
Is 41033 a multiple of 37?
True
Does 48 divide 1789641?
False
Does 203 divide 295976?
False
Is 5811960 a multiple of 222?
True
Is 13 a factor of 64689?
False
Is 303 a factor of 5001621?
True
Is 17 a factor of 38345?
False
Does 499 divide 790416?
True
Is 314154 a multiple of 193?
False
Is 27 a factor of 906997?
False
Is 1404 a factor of 3861928?
False
Does 13 divide 10095384?
True
Is 53 a factor of 5387821?
True
Is 63492 a multiple of 148?
True
Is 8 a factor of 18432?
True
Is 276438 a multiple of 43?
False
Does 20 divide 11806412?
False
Does 10 divide 57583?
False
Is 1205915 a multiple of 6?
False
Does 428 divide 2707100?
True
Does 375 divide 338625?
True
Is 90 a factor of 749626?
False
Is 106 a factor of 364110?
True
Does 21 divide 1598119?
False
Is 20 a factor of 8760516?
False
Is 100 a factor of 32500?
True
Is 2 a factor of 7801?
False
Does 9 divide 87597?
True
Does 560 divide 975000?
False
Is 392 a factor of 420428?
False
Is 401060 a multiple of 220?
True
Is 244 a factor of 951177?
False
Is 126425 a multiple of 65?
True
Does 48 divide 152784?
True
Is 130708 a multiple of 164?
True
Does 13 divide 518604?
False
Is 636234 a multiple of 29?
False
Is 6 a factor of 573012?
True
Does 7 divide 33202?
False
Is 69 a factor of 529130?
False
Does 122 divide 249978?
True
Is 16 a factor of 5177520?
True
Is 128436 